by 36.
35
Let u be -1*3/(-9) - 182/(-39). Calculate the remainder when (30 - (0 - 3)) + (-20)/u is divided by 5.
4
Let z(f) = -7*f + 9. Let a be z(-2). Suppose -6*g = -a*g + 833. Calculate the remainder when g is divided by 26.
23
Let m(k) = -2*k**2 - 3*k - 9. Let f(y) = y**2 + 3*y + 8. Let x(l) = -4*f(l) - 3*m(l). Let d = 1224 - 1226. What is the remainder when x(d) is divided by 6?
3
Let t = -305 - -330. What is the remainder when 74 is divided by t?
24
Let h(g) = 3*g**2 - 4*g - 2. Let k(c) = 7*c**2 - 7*c - 4. Let l(u) = 5*h(u) - 2*k(u). What is the remainder when -25*-2*(-2)/(-4) is divided by l(8)?
11
Let a(r) = r**3 - 79*r**2 - 159*r - 188. Calculate the remainder when 877 is divided by a(81).
52
Let n = 123 - 1. Let j = -105 + n. What is the remainder when 56 is divided by j?
5
Suppose 0 = 4*s + 1 - 21, 2*k - 13 = -s. Suppose 172 = 4*m - k*i, -3*m - i + 56 = -53. What is the remainder when m is divided by 10?
8
Let x(p) = p**3 + 10*p**2 + 17*p + 4. What is the remainder when 60 is divided by x(-7)?
28
Let m(h) = -h**3 - 13*h**2 - 10*h + 35. What is the remainder when 10*3/(-3 + 4) is divided by m(-12)?
8
Let v(g) = 4*g + 4. Let k be v(-2). What is the remainder when 9 + 0 + -3 + k is divided by 1?
0
Let h be 12/16 + -1 + (-1015)/20. What is the remainder when (1 - h) + 2 - 1 is divided by 14?
11
Calculate the remainder when (4257/215)/((-6)/(-40)) is divided by 28.
20
Let x = -3053 - -3060. Suppose -6*h = -5*h - 54. What is the remainder when h is divided by x?
5
Let b(j) = -2*j + 10. Let s be b(-10). Suppose 0 = 7*l - 5*l - s. Calculate the remainder when l is divided by 8.
7
Let p = -450 + 482. Calculate the remainder when 127 is divided by p.
31
Suppose 0 = -5*u + u + 8. Let q = -615 - -620. Suppose 0 = -0*r - 4*r - v + 32, 0 = u*r - q*v - 16. Calculate the remainder when 21 is divided by r.
5
Let h(u) = u**2 + 7*u**2 + 0*u**2 + 0*u**2. What is the remainder when 29 is divided by h(1)?
5
Suppose 0 = 3*b - 3, 4*r - 4*b + 2*b - 450 = 0. What is the remainder when 332 is divided by r?
106
Let v be (3 + -7)/(-4)*4. Suppose v*i = -2*f + 134, 5*f + i - 152 = 201. Suppose 0*p = -3*p + 54. Calculate the remainder when f is divided by p.
17
Suppose 30 = -4*l - 2*b, -2*l + 9 = -l - 5*b. Calculate the remainder when 8/l + (-1266)/(-18) is divided by 24.
21
Suppose -3*f = 2*l + f, 3*l = 4*f. Suppose l = -v + 1 + 1. Suppose 0 = -v*y - 2*q + 64, q = -3*y - 4*q + 86. What is the remainder when y is divided by 20?
17
Suppose 20*h - 25*h = -3*i + 114, 2*i - 76 = 4*h. What is the remainder when 139 is divided by i?
25
Suppose -5*l + 15 + 25 = 5*n, 19 = -2*n + 5*l. Suppose -n*q + 8 = -7. Calculate the remainder when 14 is divided by q.
4
Let p(f) = -2*f + 52. Let a be p(24). Suppose -j = -k - 6*j + 31, k - 27 = -a*j. Calculate the remainder when k is divided by 6.
5
Suppose 0 = 4*d - 4*p - 8, 2*d - 5*p = 5*d + 10. Suppose 4*c - 5*t - 7 = 0, 3*c + d*t = 5*t - 1. What is the remainder when 3/1 - 2 - -20 is divided by c?
5
Let j = -234 + 247. Calculate the remainder when 63 is divided by j.
11
Let z be 57/15 + 4/20. Suppose -p - 42 = -z*p. Calculate the remainder when 26 is divided by p.
12
Suppose -14*b + 15*b - 81 = 0. Calculate the remainder when b is divided by 8*21/6*1.
25
Suppose 2*o = -5*s + 888, -14*s + 707 = -10*s + 5*o. Calculate the remainder when s is divided by 62.
54
Let i(v) = 12*v - 71. What is the remainder when i(9) is divided by 20?
17
Calculate the remainder when 430 is divided by -8*1 + (61 - -19).
70
Suppose -839*r + 831*r + 3152 = 0. Calculate the remainder when r is divided by 20.
14
Suppose 70 = 4*d + f, 0 = d - 0*f - 5*f - 28. Let n(a) = 25*a + 1. Calculate the remainder when n(2) is divided by d.
15
Let v(y) = y**3 - 10*y**2 + 10*y + 10. Let f(s) = s**3 + s**2 - 6*s + 7. Let c be f(5). Suppose 54 - c = -a. Calculate the remainder when a is divided by v(9).
16
Calculate the remainder when 4/(-10) + 1464/10 is divided by (-15)/(2 + (-2 - 1)).
11
Let d be 167 + (1 - (-3)/(-1)). Let p be (-308)/d - 4/30. Calculate the remainder when 62 is divided by (p/1)/((-9)/72).
14
Let c(d) be the first derivative of d**3/3 + 3*d**2/2 + 4*d - 3. Suppose -5*v = -u - v + 69, 2*u = -2*v + 98. What is the remainder when u is divided by c(-5)?
11
Let z be (5/(-3))/(2/(-66)). Suppose 2*r - p = z, 0 = 4*r - 3*p - p - 116. Calculate the remainder when 128 is divided by r.
24
Suppose -18 = -0*y - 4*y - 2*b, 2*y - 8 = -2*b. Suppose -y*t + 0*t - 35 = 0. Let v = 10 - t. What is the remainder when 32 is divided by v?
15
Calculate the remainder when 32 is divided by (86 + -88)*(-10)/4*2.
2
Let v be (0 - -1)*40/10. Suppose -4*d + u = -228, d - 285 = -v*d + 4*u. Let i = 129 - d. What is the remainder when i is divided by 25?
22
What is the remainder when 0 - (-4 + 4) - -44 is divided by (-1)/(24/(-174)) - 3/(-4)?
4
Let v(b) be the third derivative of b**5/60 - b**4/8 - 5*b**3/6 - 9*b**2. Let k be v(-4). Let o = -15 + k. Calculate the remainder when 29 is divided by o.
5
Let a(x) = -1 - 4*x + 2*x**2 + 0 + 2. Calculate the remainder when a(-4) is divided by 11 + -4*1/(-2).
10
Let f(p) = -p**3 + 2*p**2 - 6*p - 3. Calculate the remainder when f(-4) is divided by 24.
21
Suppose -4*d + 4*z + 256 = 0, d + 6*z - 2*z = 69. Calculate the remainder when d is divided by 24.
17
Let u(q) = -q**3 + 10*q**2 - 6*q. Calculate the remainder when 112 is divided by u(7).
7
Let c(l) = -l**2 - 8*l - 6. Let v be c(-6). Suppose -351 - 135 = -v*j. What is the remainder when j is divided by 43?
38
Suppose 5*j = -496 + 1346. Let h(z) = -z**3 - 12*z**2 - 3*z - 14. Let p be h(-11). Let s = p + j. Calculate the remainder when s is divided by 14.
12
Let h = 37 - 28. Let r = h + 56. Calculate the remainder when r is divided by 22.
21
Let s = 301 + -265. Calculate the remainder when s is divided by 19.
17
Let c = -57 - -125. Suppose -33 + 337 = 4*f. Let x = f - 53. Calculate the remainder when c is divided by x.
22
Let k = 33 + -32. Suppose 52 = z + 5*f + 6, 2*f - 322 = -5*z. Calculate the remainder when z is divided by k/2*-4*(-85)/10.
15
Let q(m) = 8*m**2 + 0*m**3 + 0*m**3 + 13 - 9*m + m**3. Suppose 2*t - 3*u = 2*u + 88, 4*u = 5*t - 237. Calculate the remainder when t is divided by q(-9).
10
Let u(d) = -d**3 + 8*d**2 + 2*d - 11. What is the remainder when 32 is divided by u(8)?
2
Let y = 1625 - 1434. Calculate the remainder when y is divided by 48.
47
Suppose 68 = 2*g + 3*x, 0 = 3*g - 5*x + 4*x - 80. What is the remainder when g is divided by 11?
6
Let l = -19 - -38. Let g be (((-72)/(-14))/(-6))/(2/(-14)). Let x = l - g. What is the remainder when 25 is divided by x?
12
Suppose -2*r + 2 = 0, 2*m - 187 - 27 = 2*r. Calculate the remainder when m is divided by 7.
3
Let s = 90 + -88. Calculate the remainder when 15 is divided by (s/1)/(2/3).
0
Suppose 6 = 2*q + q. Let b(g) = -10*g - 17. Let x be b(-7). Suppose -4*y = -2*p - 138, -5*p = q*y + x - 128. What is the remainder when 139 is divided by y?
34
Suppose -a = m - 15, 0 = a - m - 4*m - 39. What is the remainder when 244 is divided by a?
16
Let p(u) = -2 - 49*u**3 + u**2 - u**3 + 1. Let c be p(-1). Suppose g + c = 6*g. Calculate the remainder when g is divided by 6.
4
Calculate the remainder when 33 is divided by (-395)/(-474) - 103/(-6).
15
Suppose 5 + 49 = c. Calculate the remainder when c is divided by (-28)/3*(-252)/112.
12
Suppose 2*m = -2*m - 2*y + 62, -5*m + 2*y = -64. Suppose -2*t + 4 = 4*i - 16, -i + m = 5*t. Calculate the remainder when 10 is divided by t.
0
Let o(i) = -2*i**3 + 9*i**2 + 6*i - 10. Let k(n) = 2*n**3 - 11*n**2 - 5*n - 2. Let d be k(6). Calculate the remainder when o(d) is divided by 7.
2
Suppose 6*h + 1022 = 92. Calculate the remainder when ((-4)/(-10))/(1/h)*-1 is divided by 21.
20
Suppose -3*h + 64 = -4*l, -l + 52 = 2*h + l. Let v = -66 - -294. Let z = -159 + v. Calculate the remainder when z is divided by h.
21
Let f = -180 + 207. Calculate the remainder when 42 is divided by f.
15
Let f = 36 + -42. Suppose l - 13 = -4*q, -q + 5*l - 8 = -2*q. Calculate the remainder when (-30)/(-90) - 40/f is divided by q.
1
Let y(b) = -10*b**2 + 85*b - 31. What is the remainder when 147 is divided by y(7)?
73
Suppose 4*c + 7*y - 6*y - 19 = 0, -2*c + 2*y + 12 = 0. Suppose -c*z - 5*m = -3*m - 129, 5*m - 10 = 0. What is the remain